t is the highest common divisor of 88 and 12?
4
Calculate the highest common divisor of 52 and 1556.
4
What is the greatest common divisor of 336 and 784?
112
Calculate the greatest common factor of 22 and 4180.
22
What is the greatest common factor of 19 and 171?
19
What is the greatest common divisor of 4428 and 615?
123
What is the highest common factor of 84 and 686?
14
What is the greatest common factor of 9880 and 24?
8
What is the highest common factor of 996 and 48?
12
Calculate the greatest common factor of 111 and 5254.
37
What is the greatest common factor of 2070 and 240?
30
Calculate the highest common factor of 210 and 20.
10
Calculate the greatest common factor of 107 and 107.
107
Calculate the highest common divisor of 16 and 48.
16
Calculate the highest common divisor of 23094 and 18.
18
Calculate the greatest common divisor of 268 and 3082.
134
Calculate the greatest common divisor of 5248 and 205.
41
Calculate the greatest common factor of 60 and 255.
15
What is the greatest common factor of 4898 and 310?
62
Calculate the highest common divisor of 952 and 4046.
238
What is the greatest common factor of 27 and 63?
9
Calculate the greatest common divisor of 201 and 335.
67
What is the greatest common divisor of 9386 and 52?
26
What is the greatest common factor of 21 and 98?
7
What is the highest common factor of 28 and 45892?
28
What is the greatest common factor of 14 and 18?
2
Calculate the greatest common factor of 9 and 207.
9
Calculate the highest common factor of 530 and 10.
10
Calculate the highest common factor of 247 and 228.
19
What is the highest common factor of 3666 and 78?
78
Calculate the highest common factor of 284 and 4.
4
What is the highest common divisor of 30 and 170?
10
What is the highest common factor of 99 and 9?
9
Calculate the highest common factor of 216 and 180.
36
What is the highest common factor of 6138 and 72?
18
What is the greatest common factor of 64 and 352?
32
Calculate the highest common factor of 5565 and 35.
35
What is the highest common factor of 980 and 2660?
140
Calculate the highest common factor of 28 and 4298.
14
What is the greatest common factor of 1420 and 140?
20
Calculate the highest common factor of 712 and 8.
8
What is the greatest common factor of 1809 and 117?
9
Calculate the greatest common divisor of 56 and 77.
7
What is the greatest common divisor of 87 and 119712?
87
What is the greatest common divisor of 56 and 8?
8
Calculate the greatest common divisor of 21436 and 23.
23
Calculate the highest common divisor of 270 and 150.
30
Calculate the greatest common divisor of 279 and 27.
9
What is the highest common divisor of 118 and 413?
59
What is the greatest common factor of 675 and 175?
25
Calculate the highest common factor of 344 and 8.
8
Calculate the greatest common factor of 11853 and 27.
27
What is the highest common factor of 2655 and 18?
9
What is the greatest common factor of 138 and 1058?
46
Calculate the highest common divisor of 688 and 43.
43
What is the greatest common divisor of 1564 and 92?
92
What is the greatest common factor of 1460 and 20?
20
What is the highest common factor of 133 and 361?
19
Calculate the greatest common factor of 17 and 1207.
17
Calculate the greatest common divisor of 247 and 323.
19
What is the greatest common divisor of 20 and 15?
5
What is the highest common divisor of 6 and 76?
2
What is the highest common divisor of 1526 and 70?
14
Calculate the highest common factor of 400 and 5120.
80
Calculate the greatest common factor of 21 and 2688.
21
What is the highest common factor of 38 and 54074?
38
What is the greatest common divisor of 22 and 33?
11
What is the highest common factor of 1640 and 10168?
328
Calculate the highest common divisor of 28 and 21.
7
Calculate the greatest common factor of 108 and 2997.
27
What is the greatest common factor of 630 and 1440?
90
What is the highest common factor of 830 and 20?
10
Calculate the greatest common factor of 108 and 2.
2
What is the highest common divisor of 3135 and 33?
33
Calculate the greatest common divisor of 99 and 10791.
99
What is the greatest common divisor of 879 and 21?
3
What is the greatest common factor of 3474 and 72?
18
What is the greatest common divisor of 189 and 49?
7
Calculate the greatest common factor of 20 and 2850.
10
Calculate the highest common factor of 15 and 49770.
15
Calculate the highest common divisor of 126 and 1554.
42
What is the greatest common factor of 2 and 256?
2
Calculate the greatest common divisor of 20 and 164.
4
Calculate the greatest common factor of 770 and 20.
10
What is the highest common divisor of 22 and 25366?
22
What is the highest common divisor of 804 and 1407?
201
Calculate the highest common factor of 360 and 23850.
90
What is the greatest common factor of 285 and 57?
57
Calculate the greatest common divisor of 872 and 4469.
109
Calculate the highest common divisor of 31965 and 15.
15
What is the greatest common factor of 1734 and 1428?
102
What is the greatest common divisor of 256 and 256?
256
Calculate the highest common divisor of 1854 and 198.
18
What is the greatest common factor of 5 and 275?
5
What is the greatest common factor of 55 and 616?
11
What is the greatest common factor of 702 and 26?
26
What is the highest common divisor of 40 and 32?
8
Calculate the greatest common divisor of 1247 and 43.
43
Calculate the highest common factor of 14 and 336.
14
What is the greatest common factor of 666 and 148?
74
Calculate the highest common factor of 39 and 11947.
13
What is the greatest common factor of 658 and 376?
94
Calculate the greatest common factor of 961 and 155.
31
Calculate the highest common factor of 104 and 1222.
26
What is the highest common factor of 3161 and 3488?
109
Calculate the highest common factor of 60 and 40.
20
What is the greatest common factor of 140 and 80?
20
Calculate the greatest common factor of 120414 and 42.
42
Calculate the greatest common divisor of 507 and 39.
39
Calculate the greatest common factor of 11 and 891.
11
Calculate the greatest common factor of 1490 and 10.
10
Calculate the greatest common divisor of 44 and 1342.
22
What is the greatest common divisor of 32 and 64?
32
What is the greatest common factor of 17 and 51?
17
Calculate the highest common factor of 410 and 2214.
82
Calculate the greatest common divisor of 52 and 481.
13
What is the highest common factor of 7 and 56?
7
Calculate the highest common factor of 634 and 8.
2
What is the greatest common factor of 935 and 33?
11
Calculate the highest common factor of 255 and 1734.
51
Calculate the highest common factor of 12 and 6.
6
Calculate the greatest common factor of 483 and 552.
69
Calculate the highest common divisor of 1079 and 249.
83
Calculate the highest common factor of 180 and 5160.
60
Calculate the highest common factor of 4 and 14.
2
Calculate the greatest common divisor of 4610 and 50.
10
Calculate the greatest common divisor of 7 and 7.
7
What is the greatest common divisor of 280 and 7000?
280
Calculate the greatest common divisor of 23253 and 1348.
337
What is the greatest common factor of 100 and 300?
100
Calculate the greatest common divisor of 62 and 9858.
62
What is the greatest common divisor of 50 and 8825?
25
Calculate the greatest common divisor of 54 and 12.
6
What is the highest common factor of 33 and 561?
33
Calculate the highest common factor of 9 and 882.
9
What is the greatest common divisor of 136 and 17?
17
Calculate the greatest common factor of 16088 and 8.
8
What is the highest common factor of 30 and 830?
10
Calculate the greatest common divisor of 74 and 1369.
37
What is the highest common divisor of 15 and 1005?
15
Calculate the greatest common factor of 8 and 1006.
2
What is the highest common divisor of 50 and 2325?
25
Calculate the greatest common factor of 725 and 50.
25
Calculate the highest common divisor of 20 and 670.
10
Calculate the greatest common divisor of 6280 and 40.
40
What is the highest common divisor of 290 and 406?
58
Calculate the greatest common factor of 822 and 78.
6
Calculate the greatest common factor of 468 and 29250.
234
Calculate the highest common factor of 46 and 345.
23
What is the greatest common divisor of 46075 and 25?
25
Calculate